CRAN Package Check Results for Package copulareg

Last updated on 2023-01-25 04:51:33 CET.

Flavor Version Tinstall Tcheck Ttotal Status Flags
r-devel-linux-x86_64-debian-clang 0.1.0 2.73 26.08 28.81 NOTE
r-devel-linux-x86_64-debian-gcc 0.1.0 1.97 19.69 21.66 NOTE
r-devel-linux-x86_64-fedora-clang 0.1.0 35.99 NOTE
r-devel-linux-x86_64-fedora-gcc 0.1.0 34.40 NOTE
r-devel-windows-x86_64 0.1.0 11.00 53.00 64.00 NOTE
r-patched-linux-x86_64 0.1.0 2.62 25.99 28.61 NOTE
r-release-linux-x86_64 0.1.0 2.59 25.44 28.03 NOTE
r-release-macos-arm64 0.1.0 14.00 NOTE
r-release-macos-x86_64 0.1.0 21.00 NOTE
r-release-windows-x86_64 0.1.0 10.00 52.00 62.00 NOTE
r-oldrel-macos-arm64 0.1.0 21.00 NOTE
r-oldrel-macos-x86_64 0.1.0 26.00 NOTE
r-oldrel-windows-ix86+x86_64 0.1.0 6.00 51.00 57.00 NOTE

Check Details

Version: 0.1.0
Check: LazyData
Result: NOTE
     'LazyData' is specified without a 'data' directory
Flavors: r-devel-linux-x86_64-debian-clang, r-devel-linux-x86_64-debian-gcc, r-devel-linux-x86_64-fedora-clang, r-devel-linux-x86_64-fedora-gcc, r-devel-windows-x86_64, r-patched-linux-x86_64, r-release-linux-x86_64, r-release-macos-arm64, r-release-macos-x86_64, r-release-windows-x86_64, r-oldrel-macos-arm64, r-oldrel-macos-x86_64, r-oldrel-windows-ix86+x86_64