Last updated on 2023-01-25 04:51:34 CET.
Flavor | Version | Tinstall | Tcheck | Ttotal | Status | Flags |
---|---|---|---|---|---|---|
r-devel-linux-x86_64-debian-clang | 1.0.0 | 3.19 | 28.52 | 31.71 | NOTE | |
r-devel-linux-x86_64-debian-gcc | 1.0.0 | 2.77 | 22.27 | 25.04 | NOTE | |
r-devel-linux-x86_64-fedora-clang | 1.0.0 | 42.35 | NOTE | |||
r-devel-linux-x86_64-fedora-gcc | 1.0.0 | 39.94 | NOTE | |||
r-devel-windows-x86_64 | 1.0.0 | 8.00 | 57.00 | 65.00 | NOTE | |
r-patched-linux-x86_64 | 1.0.0 | 3.84 | 29.74 | 33.58 | NOTE | |
r-release-linux-x86_64 | 1.0.0 | 3.72 | 29.34 | 33.06 | NOTE | |
r-release-macos-arm64 | 1.0.0 | 17.00 | NOTE | |||
r-release-macos-x86_64 | 1.0.0 | 24.00 | NOTE | |||
r-release-windows-x86_64 | 1.0.0 | 7.00 | 55.00 | 62.00 | NOTE | |
r-oldrel-macos-arm64 | 1.0.0 | 20.00 | NOTE | |||
r-oldrel-macos-x86_64 | 1.0.0 | 28.00 | NOTE | |||
r-oldrel-windows-ix86+x86_64 | 1.0.0 | 13.00 | 53.00 | 66.00 | NOTE |
Version: 1.0.0
Check: LazyData
Result: NOTE
'LazyData' is specified without a 'data' directory
Flavors: r-devel-linux-x86_64-debian-clang, r-devel-linux-x86_64-debian-gcc, r-devel-linux-x86_64-fedora-clang, r-devel-linux-x86_64-fedora-gcc, r-devel-windows-x86_64, r-patched-linux-x86_64, r-release-linux-x86_64, r-release-macos-arm64, r-release-macos-x86_64, r-release-windows-x86_64, r-oldrel-macos-arm64, r-oldrel-macos-x86_64, r-oldrel-windows-ix86+x86_64