Last updated on 2023-01-25 04:51:37 CET.
Flavor | Version | Tinstall | Tcheck | Ttotal | Status | Flags |
---|---|---|---|---|---|---|
r-devel-linux-x86_64-debian-clang | 1.0.0 | 3.00 | 29.71 | 32.71 | NOTE | |
r-devel-linux-x86_64-debian-gcc | 1.0.0 | 2.49 | 22.89 | 25.38 | NOTE | |
r-devel-linux-x86_64-fedora-clang | 1.0.0 | 42.73 | NOTE | |||
r-devel-linux-x86_64-fedora-gcc | 1.0.0 | 40.30 | NOTE | |||
r-devel-windows-x86_64 | 1.0.0 | 14.00 | 63.00 | 77.00 | NOTE | |
r-patched-linux-x86_64 | 1.0.0 | 3.31 | 29.09 | 32.40 | NOTE | |
r-release-linux-x86_64 | 1.0.0 | 2.65 | 29.41 | 32.06 | NOTE | |
r-release-macos-arm64 | 1.0.0 | 17.00 | NOTE | |||
r-release-macos-x86_64 | 1.0.0 | 25.00 | NOTE | |||
r-release-windows-x86_64 | 1.0.0 | 11.00 | 60.00 | 71.00 | NOTE | |
r-oldrel-macos-arm64 | 1.0.0 | 19.00 | NOTE | |||
r-oldrel-macos-x86_64 | 1.0.0 | 32.00 | NOTE | |||
r-oldrel-windows-ix86+x86_64 | 1.0.0 | 5.00 | 53.00 | 58.00 | NOTE |
Version: 1.0.0
Check: Rd files
Result: NOTE
checkRd: (-1) Spec_compare_localize_freq.Rd:49: Escaped LaTeX specials: \&
checkRd: (-1) Spec_compare_localize_freq.Rd:52: Escaped LaTeX specials: \&
Flavors: r-devel-linux-x86_64-debian-clang, r-devel-linux-x86_64-debian-gcc, r-devel-linux-x86_64-fedora-clang, r-devel-linux-x86_64-fedora-gcc, r-devel-windows-x86_64
Version: 1.0.0
Check: LazyData
Result: NOTE
'LazyData' is specified without a 'data' directory
Flavors: r-devel-linux-x86_64-debian-clang, r-devel-linux-x86_64-debian-gcc, r-devel-linux-x86_64-fedora-clang, r-devel-linux-x86_64-fedora-gcc, r-devel-windows-x86_64, r-patched-linux-x86_64, r-release-linux-x86_64, r-release-macos-arm64, r-release-macos-x86_64, r-release-windows-x86_64, r-oldrel-macos-arm64, r-oldrel-macos-x86_64, r-oldrel-windows-ix86+x86_64