Last updated on 2023-01-25 04:51:37 CET.
Flavor | Version | Tinstall | Tcheck | Ttotal | Status | Flags |
---|---|---|---|---|---|---|
r-devel-linux-x86_64-debian-clang | 0.4-11 | 1.74 | 24.22 | 25.96 | NOTE | |
r-devel-linux-x86_64-debian-gcc | 0.4-11 | 1.61 | 19.40 | 21.01 | NOTE | |
r-devel-linux-x86_64-fedora-clang | 0.4-11 | 33.93 | NOTE | |||
r-devel-linux-x86_64-fedora-gcc | 0.4-11 | 33.43 | NOTE | |||
r-devel-windows-x86_64 | 0.4-11 | 6.00 | 59.00 | 65.00 | NOTE | |
r-patched-linux-x86_64 | 0.4-11 | 2.09 | 24.66 | 26.75 | NOTE | |
r-release-linux-x86_64 | 0.4-11 | 2.01 | 24.96 | 26.97 | NOTE | |
r-release-macos-arm64 | 0.4-11 | 16.00 | NOTE | |||
r-release-macos-x86_64 | 0.4-11 | 22.00 | NOTE | |||
r-release-windows-x86_64 | 0.4-11 | 5.00 | 53.00 | 58.00 | NOTE | |
r-oldrel-macos-arm64 | 0.4-11 | 19.00 | NOTE | |||
r-oldrel-macos-x86_64 | 0.4-11 | 30.00 | NOTE | |||
r-oldrel-windows-ix86+x86_64 | 0.4-11 | 5.00 | 29.00 | 34.00 | NOTE |
Version: 0.4-11
Check: dependencies in R code
Result: NOTE
Package in Depends field not imported from: ‘tools’
These packages need to be imported from (in the NAMESPACE file)
for when this namespace is loaded but not attached.
Unexported objects imported by ‘:::’ calls:
‘tools:::.Rd_get_argument_names’ ‘tools:::RdTags’ ‘tools:::fetchRdDB’
See the note in ?`:::` about the use of this operator.
Flavors: r-devel-linux-x86_64-debian-clang, r-devel-linux-x86_64-debian-gcc, r-devel-linux-x86_64-fedora-clang, r-devel-linux-x86_64-fedora-gcc, r-devel-windows-x86_64, r-patched-linux-x86_64, r-release-linux-x86_64, r-release-macos-arm64, r-release-macos-x86_64, r-release-windows-x86_64, r-oldrel-macos-arm64, r-oldrel-macos-x86_64, r-oldrel-windows-ix86+x86_64