CRAN Package Check Results for Package guix.install

Last updated on 2023-01-25 04:51:38 CET.

Flavor Version Tinstall Tcheck Ttotal Status Flags
r-devel-linux-x86_64-debian-clang 1.0.0 2.02 20.07 22.09 OK
r-devel-linux-x86_64-debian-gcc 1.0.0 1.16 16.07 17.23 OK
r-devel-linux-x86_64-fedora-clang 1.0.0 28.57 NOTE
r-devel-linux-x86_64-fedora-gcc 1.0.0 27.92 NOTE
r-devel-windows-x86_64 1.0.0 9.00 46.00 55.00 OK
r-patched-linux-x86_64 1.0.0 2.07 20.67 22.74 OK
r-release-linux-x86_64 1.0.0 1.66 20.98 22.64 OK
r-release-macos-arm64 1.0.0 15.00 NOTE
r-release-macos-x86_64 1.0.0 20.00 NOTE
r-release-windows-x86_64 1.0.0 11.00 48.00 59.00 OK
r-oldrel-macos-arm64 1.0.0 14.00 NOTE
r-oldrel-macos-x86_64 1.0.0 24.00 NOTE
r-oldrel-windows-ix86+x86_64 1.0.0 5.00 45.00 50.00 OK

Check Details

Version: 1.0.0
Check: dependencies in R code
Result: NOTE
    Namespace in Imports field not imported from: ‘RUnit’
     All declared Imports should be used.
Flavors: r-devel-linux-x86_64-fedora-clang, r-devel-linux-x86_64-fedora-gcc, r-release-macos-arm64, r-release-macos-x86_64, r-oldrel-macos-arm64, r-oldrel-macos-x86_64