Last updated on 2023-01-25 04:51:39 CET.
Flavor | Version | Tinstall | Tcheck | Ttotal | Status | Flags |
---|---|---|---|---|---|---|
r-devel-linux-x86_64-debian-clang | 1.9 | 5.23 | 57.36 | 62.59 | NOTE | |
r-devel-linux-x86_64-debian-gcc | 1.9 | 4.96 | 43.14 | 48.10 | NOTE | |
r-devel-linux-x86_64-fedora-clang | 1.9 | 76.41 | NOTE | |||
r-devel-linux-x86_64-fedora-gcc | 1.9 | 75.29 | NOTE | |||
r-devel-windows-x86_64 | 1.9 | 23.00 | 86.00 | 109.00 | OK | |
r-patched-linux-x86_64 | 1.9 | 5.49 | 55.72 | 61.21 | NOTE | |
r-release-linux-x86_64 | 1.9 | 5.69 | 56.67 | 62.36 | NOTE | |
r-release-macos-arm64 | 1.9 | 29.00 | OK | |||
r-release-macos-x86_64 | 1.9 | 37.00 | OK | |||
r-release-windows-x86_64 | 1.9 | 15.00 | 91.00 | 106.00 | OK | |
r-oldrel-macos-arm64 | 1.9 | 36.00 | OK | |||
r-oldrel-macos-x86_64 | 1.9 | 48.00 | OK | |||
r-oldrel-windows-ix86+x86_64 | 1.9 | 17.00 | 82.00 | 99.00 | OK |
Version: 1.9
Check: for non-standard things in the check directory
Result: NOTE
Found the following files/directories:
‘RMTplot.pdf’
Flavors: r-devel-linux-x86_64-debian-clang, r-devel-linux-x86_64-debian-gcc, r-devel-linux-x86_64-fedora-clang, r-devel-linux-x86_64-fedora-gcc, r-patched-linux-x86_64, r-release-linux-x86_64