Last updated on 2023-01-25 04:51:42 CET.
Flavor | Version | Tinstall | Tcheck | Ttotal | Status | Flags |
---|---|---|---|---|---|---|
r-devel-linux-x86_64-debian-clang | 2.0.5 | 101.27 | 47.93 | 149.20 | OK | |
r-devel-linux-x86_64-debian-gcc | 2.0.5 | 75.47 | 36.29 | 111.76 | OK | |
r-devel-linux-x86_64-fedora-clang | 2.0.5 | 223.25 | OK | |||
r-devel-linux-x86_64-fedora-gcc | 2.0.5 | 188.18 | OK | |||
r-patched-linux-x86_64 | 2.0.5 | 83.24 | 45.44 | 128.68 | OK | |
r-release-linux-x86_64 | 2.0.5 | 76.97 | 45.84 | 122.81 | OK | |
r-release-macos-arm64 | 2.0.5 | 65.00 | NOTE | |||
r-release-macos-x86_64 | 2.0.5 | 76.00 | NOTE | |||
r-release-windows-x86_64 | 2.0.5 | 89.00 | 104.00 | 193.00 | OK | |
r-oldrel-macos-arm64 | 2.0.5 | 61.00 | NOTE | |||
r-oldrel-macos-x86_64 | 2.0.5 | 80.00 | NOTE | |||
r-oldrel-windows-ix86+x86_64 | 2.0.5 | 197.00 | 101.00 | 298.00 | OK |
Version: 2.0.5
Check: installed package size
Result: NOTE
installed size is 12.0Mb
sub-directories of 1Mb or more:
libs 11.7Mb
Flavors: r-release-macos-arm64, r-release-macos-x86_64, r-oldrel-macos-arm64, r-oldrel-macos-x86_64