Last updated on 2023-01-25 04:51:48 CET.
Flavor | Version | Tinstall | Tcheck | Ttotal | Status | Flags |
---|---|---|---|---|---|---|
r-devel-linux-x86_64-debian-clang | 1.5.6 | 1.73 | 23.35 | 25.08 | NOTE | |
r-devel-linux-x86_64-debian-gcc | 1.5.6 | 1.53 | 18.26 | 19.79 | NOTE | |
r-devel-linux-x86_64-fedora-clang | 1.5.6 | 33.04 | NOTE | |||
r-devel-linux-x86_64-fedora-gcc | 1.5.6 | 32.17 | NOTE | |||
r-patched-linux-x86_64 | 1.5.6 | 2.51 | 23.04 | 25.55 | NOTE | |
r-release-linux-x86_64 | 1.5.6 | 2.27 | 23.06 | 25.33 | NOTE | |
r-release-macos-arm64 | 1.5.6 | 14.00 | NOTE | |||
r-release-macos-x86_64 | 1.5.6 | 19.00 | NOTE | |||
r-release-windows-x86_64 | 1.5.6 | 5.00 | 47.00 | 52.00 | NOTE | |
r-oldrel-macos-arm64 | 1.5.6 | 18.00 | NOTE | |||
r-oldrel-macos-x86_64 | 1.5.6 | 26.00 | NOTE | |||
r-oldrel-windows-ix86+x86_64 | 1.5.6 | 5.00 | 30.00 | 35.00 | NOTE |
Version: 1.5.6
Check: LazyData
Result: NOTE
'LazyData' is specified without a 'data' directory
Flavors: r-devel-linux-x86_64-debian-clang, r-devel-linux-x86_64-debian-gcc, r-devel-linux-x86_64-fedora-clang, r-devel-linux-x86_64-fedora-gcc, r-patched-linux-x86_64, r-release-linux-x86_64, r-release-macos-arm64, r-release-macos-x86_64, r-release-windows-x86_64, r-oldrel-macos-arm64, r-oldrel-macos-x86_64, r-oldrel-windows-ix86+x86_64