Last updated on 2023-01-25 04:51:46 CET.
| Flavor | Version | Tinstall | Tcheck | Ttotal | Status | Flags | 
|---|---|---|---|---|---|---|
| r-devel-linux-x86_64-debian-clang | 1.0.10 | 61.79 | 81.83 | 143.62 | OK | |
| r-devel-linux-x86_64-debian-gcc | 1.0.10 | 40.11 | 63.35 | 103.46 | OK | |
| r-devel-linux-x86_64-fedora-clang | 1.0.10 | 205.31 | NOTE | |||
| r-devel-linux-x86_64-fedora-gcc | 1.0.10 | 193.94 | NOTE | |||
| r-devel-windows-x86_64 | 1.0.10 | 72.00 | 229.00 | 301.00 | NOTE | |
| r-patched-linux-x86_64 | 1.0.9 | 47.51 | 79.52 | 127.03 | OK | |
| r-release-linux-x86_64 | 1.0.9 | 50.84 | 76.22 | 127.06 | OK | |
| r-release-macos-arm64 | 1.0.10 | 66.00 | NOTE | |||
| r-release-macos-x86_64 | 1.0.10 | 117.00 | NOTE | |||
| r-release-windows-x86_64 | 1.0.9 | 751.00 | 240.00 | 991.00 | NOTE | |
| r-oldrel-macos-arm64 | 1.0.10 | 66.00 | NOTE | |||
| r-oldrel-macos-x86_64 | 1.0.10 | 119.00 | NOTE | |||
| r-oldrel-windows-ix86+x86_64 | 1.0.10 | 8.00 | 18.00 | 26.00 | ERROR | 
Version: 1.0.10
Check: installed package size
Result: NOTE
      installed size is 10.2Mb
      sub-directories of 1Mb or more:
        doc        1.1Mb
        include    6.4Mb
        tinytest   1.0Mb
Flavors: r-devel-linux-x86_64-fedora-clang, r-devel-windows-x86_64, r-release-macos-arm64, r-release-macos-x86_64, r-oldrel-macos-arm64, r-oldrel-macos-x86_64
Version: 1.0.10
Check: foreign function calls
Result: NOTE
    Registration problem:
      symbol ‘symbol’ in the local frame:
       .Call(symbol)
    See chapter ‘System and foreign language interfaces’ in the ‘Writing R
    Extensions’ manual.
Flavors: r-devel-linux-x86_64-fedora-clang, r-devel-linux-x86_64-fedora-gcc
Version: 1.0.9
Check: installed package size
Result: NOTE
      installed size is 10.4Mb
      sub-directories of 1Mb or more:
        doc       1.1Mb
        include   6.4Mb
        libs      1.3Mb
Flavor: r-release-windows-x86_64
Version: 1.0.10
Check: whether package can be installed
Result: ERROR
    Installation failed.
Flavor: r-oldrel-windows-ix86+x86_64