Last updated on 2023-01-25 04:51:51 CET.
| Flavor | Version | Tinstall | Tcheck | Ttotal | Status | Flags |
|---|---|---|---|---|---|---|
| r-devel-linux-x86_64-debian-clang | 1.4.0 | 7.89 | 74.15 | 82.04 | NOTE | |
| r-devel-linux-x86_64-debian-gcc | 1.4.0 | 7.30 | 55.26 | 62.56 | NOTE | |
| r-devel-linux-x86_64-fedora-clang | 1.4.0 | 100.55 | NOTE | |||
| r-devel-linux-x86_64-fedora-gcc | 1.4.0 | 200.75 | NOTE | |||
| r-devel-windows-x86_64 | 1.4.0 | 26.00 | 96.00 | 122.00 | NOTE | |
| r-patched-linux-x86_64 | 1.4.0 | 9.97 | 71.61 | 81.58 | NOTE | |
| r-release-linux-x86_64 | 1.4.0 | 6.82 | 135.49 | 142.31 | NOTE | |
| r-release-macos-arm64 | 1.4.0 | 58.00 | NOTE | |||
| r-release-macos-x86_64 | 1.4.0 | 107.00 | NOTE | |||
| r-release-windows-x86_64 | 1.4.0 | 33.00 | 174.00 | 207.00 | NOTE | |
| r-oldrel-macos-arm64 | 1.4.0 | 86.00 | NOTE | |||
| r-oldrel-macos-x86_64 | 1.4.0 | 101.00 | NOTE | |||
| r-oldrel-windows-ix86+x86_64 | 1.4.0 | 22.00 | 95.00 | 117.00 | NOTE |
Version: 1.4.0
Check: LazyData
Result: NOTE
'LazyData' is specified without a 'data' directory
Flavors: r-devel-linux-x86_64-debian-clang, r-devel-linux-x86_64-debian-gcc, r-devel-linux-x86_64-fedora-clang, r-devel-linux-x86_64-fedora-gcc, r-devel-windows-x86_64, r-patched-linux-x86_64, r-release-linux-x86_64, r-release-macos-arm64, r-release-macos-x86_64, r-release-windows-x86_64, r-oldrel-macos-arm64, r-oldrel-macos-x86_64, r-oldrel-windows-ix86+x86_64
Version: 1.4.0
Check: installed package size
Result: NOTE
installed size is 8.1Mb
sub-directories of 1Mb or more:
doc 7.6Mb
Flavors: r-devel-linux-x86_64-fedora-clang, r-devel-windows-x86_64, r-release-macos-arm64, r-release-macos-x86_64, r-release-windows-x86_64, r-oldrel-macos-arm64, r-oldrel-macos-x86_64, r-oldrel-windows-ix86+x86_64