Last updated on 2023-01-25 04:51:32 CET.
| Flavor | Version | Tinstall | Tcheck | Ttotal | Status | Flags |
|---|---|---|---|---|---|---|
| r-devel-linux-x86_64-debian-clang | 0.3.3 | 72.97 | 71.24 | 144.21 | OK | |
| r-devel-linux-x86_64-debian-gcc | 0.3.3 | 57.28 | 56.95 | 114.23 | OK | |
| r-devel-linux-x86_64-fedora-clang | 0.3.3 | 213.68 | OK | |||
| r-devel-linux-x86_64-fedora-gcc | 0.3.3 | 202.52 | OK | |||
| r-devel-windows-x86_64 | 0.3.3 | 71.00 | 136.00 | 207.00 | OK | |
| r-patched-linux-x86_64 | 0.3.3 | 62.07 | 69.39 | 131.46 | OK | |
| r-release-linux-x86_64 | 0.3.3 | 61.91 | 72.48 | 134.39 | OK | |
| r-release-macos-arm64 | 0.3.3 | 55.00 | OK | |||
| r-release-macos-x86_64 | 0.3.3 | 70.00 | OK | |||
| r-release-windows-x86_64 | 0.3.3 | 62.00 | 143.00 | 205.00 | OK | |
| r-oldrel-macos-arm64 | 0.3.3 | 67.00 | NOTE | |||
| r-oldrel-macos-x86_64 | 0.3.3 | 104.00 | OK | |||
| r-oldrel-windows-ix86+x86_64 | 0.3.3 | 184.00 | 132.00 | 316.00 | OK |
Version: 0.3.3
Check: installed package size
Result: NOTE
installed size is 6.0Mb
sub-directories of 1Mb or more:
libs 5.6Mb
Flavor: r-oldrel-macos-arm64