Last updated on 2023-01-25 04:51:36 CET.
| Flavor | Version | Tinstall | Tcheck | Ttotal | Status | Flags |
|---|---|---|---|---|---|---|
| r-devel-linux-x86_64-debian-clang | 0.2.1 | 2.14 | 22.22 | 24.36 | NOTE | |
| r-devel-linux-x86_64-debian-gcc | 0.2.1 | 1.67 | 17.58 | 19.25 | NOTE | |
| r-devel-linux-x86_64-fedora-clang | 0.2.1 | 31.75 | NOTE | |||
| r-devel-linux-x86_64-fedora-gcc | 0.2.1 | 30.45 | NOTE | |||
| r-devel-windows-x86_64 | 0.2.1 | 4.00 | 48.00 | 52.00 | NOTE | |
| r-patched-linux-x86_64 | 0.2.1 | 1.82 | 22.66 | 24.48 | NOTE | |
| r-release-linux-x86_64 | 0.2.1 | 2.07 | 22.47 | 24.54 | NOTE | |
| r-release-macos-arm64 | 0.2.1 | 17.00 | NOTE | |||
| r-release-macos-x86_64 | 0.2.1 | 27.00 | NOTE | |||
| r-release-windows-x86_64 | 0.2.1 | 8.00 | 48.00 | 56.00 | NOTE | |
| r-oldrel-macos-arm64 | 0.2.1 | 19.00 | NOTE | |||
| r-oldrel-macos-x86_64 | 0.2.1 | 25.00 | NOTE | |||
| r-oldrel-windows-ix86+x86_64 | 0.2.1 | 6.00 | 46.00 | 52.00 | NOTE |
Version: 0.2.1
Check: LazyData
Result: NOTE
'LazyData' is specified without a 'data' directory
Flavors: r-devel-linux-x86_64-debian-clang, r-devel-linux-x86_64-debian-gcc, r-devel-linux-x86_64-fedora-clang, r-devel-linux-x86_64-fedora-gcc, r-devel-windows-x86_64, r-patched-linux-x86_64, r-release-linux-x86_64, r-release-macos-arm64, r-release-macos-x86_64, r-release-windows-x86_64, r-oldrel-macos-arm64, r-oldrel-macos-x86_64, r-oldrel-windows-ix86+x86_64