Last updated on 2023-01-25 04:51:37 CET.
| Flavor | Version | Tinstall | Tcheck | Ttotal | Status | Flags |
|---|---|---|---|---|---|---|
| r-devel-linux-x86_64-debian-clang | 0.3.0 | 8.04 | 170.19 | 178.23 | OK | |
| r-devel-linux-x86_64-debian-gcc | 0.3.0 | 5.73 | 125.45 | 131.18 | OK | |
| r-devel-linux-x86_64-fedora-clang | 0.3.0 | 205.96 | NOTE | |||
| r-devel-linux-x86_64-fedora-gcc | 0.3.0 | 212.51 | NOTE | |||
| r-devel-windows-x86_64 | 0.3.0 | 15.00 | 344.00 | 359.00 | OK | |
| r-patched-linux-x86_64 | 0.2.1 | 6.18 | 67.17 | 73.35 | OK | |
| r-release-linux-x86_64 | 0.3.0 | 8.18 | 161.63 | 169.81 | OK | |
| r-release-macos-arm64 | 0.3.0 | 157.00 | OK | |||
| r-release-macos-x86_64 | 0.3.0 | 189.00 | OK | |||
| r-release-windows-x86_64 | 0.3.0 | 49.00 | 286.00 | 335.00 | OK | |
| r-oldrel-macos-arm64 | 0.3.0 | 131.00 | OK | |||
| r-oldrel-macos-x86_64 | 0.3.0 | 188.00 | OK | |||
| r-oldrel-windows-ix86+x86_64 | 0.3.0 | 19.00 | 310.00 | 329.00 | OK |
Version: 0.3.0
Check: data for non-ASCII characters
Result: NOTE
Note: found 1 marked UTF-8 string
Flavors: r-devel-linux-x86_64-fedora-clang, r-devel-linux-x86_64-fedora-gcc