Last updated on 2023-01-25 04:51:40 CET.
| Flavor | Version | Tinstall | Tcheck | Ttotal | Status | Flags |
|---|---|---|---|---|---|---|
| r-devel-linux-x86_64-debian-clang | 1.1 | 7.59 | 97.12 | 104.71 | OK | |
| r-devel-linux-x86_64-debian-gcc | 1.1 | 8.14 | 72.51 | 80.65 | OK | |
| r-devel-linux-x86_64-fedora-clang | 1.1 | 127.26 | OK | |||
| r-devel-linux-x86_64-fedora-gcc | 1.1 | 141.39 | OK | |||
| r-devel-windows-x86_64 | 1.1 | 21.00 | 122.00 | 143.00 | OK | |
| r-patched-linux-x86_64 | 1.1 | 6.91 | 93.30 | 100.21 | OK | |
| r-release-linux-x86_64 | 1.1 | 7.96 | 94.35 | 102.31 | OK | |
| r-release-macos-arm64 | 1.1 | 41.00 | OK | |||
| r-release-macos-x86_64 | 1.1 | 55.00 | OK | |||
| r-release-windows-x86_64 | 1.1 | 15.00 | 136.00 | 151.00 | OK | |
| r-oldrel-macos-arm64 | 1.1 | 39.00 | OK | |||
| r-oldrel-macos-x86_64 | 1.1 | 57.00 | OK | |||
| r-oldrel-windows-ix86+x86_64 | 1.1 | 21.00 | 119.00 | 140.00 | ERROR |
Version: 1.1
Check: PDF version of manual
Result: WARN
LaTeX errors when creating PDF version.
This typically indicates Rd problems.
LaTeX errors found:
! Package inputenc Error: Unicode char รข<c2><80><c2><90> (U+2010)
(inputenc) not set up for use with LaTeX.
See the inputenc package documentation for explanation.
Type H <return> for immediate help.
Flavor: r-oldrel-windows-ix86+x86_64
Version: 1.1
Check: PDF version of manual without hyperrefs or index
Result: ERROR
Flavor: r-oldrel-windows-ix86+x86_64