Last updated on 2023-01-25 04:51:47 CET.
| Flavor | Version | Tinstall | Tcheck | Ttotal | Status | Flags | 
|---|---|---|---|---|---|---|
| r-devel-linux-x86_64-debian-clang | 2.20 | 14.04 | 92.96 | 107.00 | OK | |
| r-devel-linux-x86_64-debian-gcc | 2.20 | 10.58 | 70.01 | 80.59 | OK | |
| r-devel-linux-x86_64-fedora-clang | 2.20 | 141.91 | NOTE | |||
| r-devel-linux-x86_64-fedora-gcc | 2.20 | 146.37 | OK | |||
| r-patched-linux-x86_64 | 2.20 | 14.11 | 86.27 | 100.38 | OK | |
| r-release-linux-x86_64 | 2.20 | 11.35 | 87.83 | 99.18 | OK | |
| r-release-macos-arm64 | 2.20 | 45.00 | NOTE | |||
| r-release-macos-x86_64 | 2.20 | 55.00 | NOTE | |||
| r-release-windows-x86_64 | 2.20 | 209.00 | 117.00 | 326.00 | NOTE | |
| r-oldrel-macos-arm64 | 2.20 | 48.00 | NOTE | |||
| r-oldrel-macos-x86_64 | 2.20 | 59.00 | NOTE | |||
| r-oldrel-windows-ix86+x86_64 | 2.20 | 21.00 | 106.00 | 127.00 | NOTE | 
Version: 2.20
Check: installed package size
Result: NOTE
      installed size is  9.4Mb
      sub-directories of 1Mb or more:
        rmd   8.3Mb
Flavors: r-devel-linux-x86_64-fedora-clang, r-release-macos-arm64, r-release-macos-x86_64, r-release-windows-x86_64, r-oldrel-macos-arm64, r-oldrel-macos-x86_64, r-oldrel-windows-ix86+x86_64