Last updated on 2023-01-25 04:51:48 CET.
| Flavor | Version | Tinstall | Tcheck | Ttotal | Status | Flags |
|---|---|---|---|---|---|---|
| r-devel-linux-x86_64-debian-clang | 2.1.2 | 89.16 | 186.95 | 276.11 | OK | |
| r-devel-linux-x86_64-debian-gcc | 2.1.2 | 63.65 | 136.25 | 199.90 | OK | |
| r-devel-linux-x86_64-fedora-clang | 2.1.2 | 370.96 | OK | |||
| r-devel-linux-x86_64-fedora-gcc | 2.1.2 | 339.40 | OK | |||
| r-patched-linux-x86_64 | 2.1.2 | 79.75 | 172.53 | 252.28 | OK | |
| r-release-linux-x86_64 | 2.1.2 | 71.64 | 171.48 | 243.12 | OK | |
| r-release-macos-arm64 | 2.1.2 | 94.00 | NOTE | |||
| r-release-macos-x86_64 | 2.1.2 | 118.00 | NOTE | |||
| r-release-windows-x86_64 | 2.1.2 | 116.00 | 241.00 | 357.00 | OK | |
| r-oldrel-macos-arm64 | 2.1.2 | 93.00 | NOTE | |||
| r-oldrel-macos-x86_64 | 2.1.2 | 119.00 | NOTE | |||
| r-oldrel-windows-ix86+x86_64 | 2.1.2 | 203.00 | 286.00 | 489.00 | NOTE |
Version: 2.1.2
Check: installed package size
Result: NOTE
installed size is 5.6Mb
sub-directories of 1Mb or more:
data 2.0Mb
libs 2.6Mb
Flavors: r-release-macos-arm64, r-release-macos-x86_64, r-oldrel-macos-arm64, r-oldrel-macos-x86_64, r-oldrel-windows-ix86+x86_64